/120 - 8*i**4/3 + 12*i. Let p(n) be the third derivative of h(n). What is the tens digit of p(-8)?
1
Let u = -436 - -388. What is the thousands digit of ((-16)/u)/(4/16584)?
1
Suppose 4*t - 4*y = 94668, 4*t = -y + 25267 + 69401. Suppose -5*d = -4*d - 5*h + t, 2*d - 2*h + 47342 = 0. What is the tens digit of (1 - 1/3) + d/(-132)?
8
Suppose -2*t - 18 = -24. Suppose 4*s + t*u = 1358 - 140, -5*u - 10 = 0. What is the units digit of s?
6
Let u be 2 + 1*(-3)/(-3). Suppose 5*a - 58 = -4*f - 50, 3*f - 6 = -4*a. Suppose 412 = f*n + 2*n + u*q, n + 5*q - 103 = 0. What is the tens digit of n?
0
Suppose 52628 - 3536 + 17548 = 20*p. What is the tens digit of p?
3
Suppose 47*l - 48*l + t + 1 = 0, 3*l - 2 = 4*t. Suppose -l*j + 1378 + 1026 = 0. What is the units digit of j?
2
Let b = -196 - -405. Let c = -43 - 35. Let l = c + b. What is the hundreds digit of l?
1
Suppose 5*a = 4*n + 25007 + 2733, 10*a + 4*n - 55540 = 0. What is the thousands digit of a?
5
Suppose -14*p = -539 - 11025. Suppose 6*x - p = -8*x. What is the units digit of x?
9
Let a be (-6)/(-4) - (7 - (-590)/(-20)). What is the tens digit of 140/(((-1)/3)/((-40)/a))?
0
Let r(w) = -2*w**3 - 6*w**2 - 5*w - 2. Let f be r(-2). Suppose -3*g - 2*y + 449 = f, -10*y = 2*g - 5*y - 314. What is the units digit of g?
7
Let p(x) = -35*x - 10. Let i = -17 - 1. Let d be (-26)/117 - (-86)/i. What is the hundreds digit of p(d)?
1
Let o be (18/8)/((-15)/(-40)). Suppose y = 6*y + 15. What is the hundreds digit of (-4)/o + (-386)/y + 3?
1
Let b = 84 + -81. Suppose 879 = 4*n - b*z, 3*n - 1105 = -2*n + 5*z. Suppose -p - 135 = -3*i + 81, 0 = 3*i + 5*p - n. What is the tens digit of i?
7
Let y = 571 - 584. Let d(g) = -g**3 - 7*g**2 + 29*g + 32. What is the units digit of d(y)?
9
Suppose 2*a - 28 = 4*n, 0*a - 2 = -3*a - 2*n. Suppose -348 + 344 = -v. Suppose v*z + 2*c = 298, -a*z + 199 = -3*c - 124. What is the tens digit of z?
7
Let v = -22298 + 42156. What is the tens digit of v?
5
Suppose -6*d - 54 + 108 = 0. Suppose -d*x = -11*x + 814. What is the tens digit of x?
0
Suppose 2*q + 9 = 4*y + 1, 0 = -5*q + 3*y - 6. Suppose q = -21*l + 5*l + 5808. What is the hundreds digit of l?
3
Let f = -87 - -90. Suppose f*u = x - 591, 5*x = -2*u + 2889 + 83. What is the tens digit of x?
9
What is the tens digit of ((-31)/434 - 23007/126)*-138?
0
Let q = -62 + 54. Let i be 5 + (2/4)/((-4)/q). Suppose 3*y - 132 = -3*m, -5*y + 252 = -i*m + 3*m. What is the tens digit of y?
4
What is the units digit of 3184758/81*(-4)/(-6)?
2
Let a be (96/20)/((-6)/(-15)). Let d be -6*(-8)/a + 5. Suppose -28 = -10*z + d*z. What is the units digit of z?
8
Let u(o) = 8981*o**2 + 5*o - 8. What is the hundreds digit of u(-2)?
9
Suppose 157 + 205 = 2*q - 4*x, x = 5*q - 923. Let k = 107 - q. Let u = k - -122. What is the units digit of u?
4
Let b(p) = -p**3 + 30*p**2 + 5*p - 11. Let y be b(30). Suppose 3*s = -2*r + y, -6*s - r = -10*s + 189. What is the tens digit of s?
4
Suppose 0 = 10*i + 6 - 76. Suppose 0 = i*f - 975 - 348. What is the units digit of f?
9
Suppose 85*a = 87*a - 12. Let c(t) = t - a*t**3 + 4*t - 9*t - 3 - 17*t**3. What is the hundreds digit of c(-2)?
1
Let s(d) = -d**2 - 10*d + 23. Let k be s(-12). Let c(v) = -796*v - 13. What is the hundreds digit of c(k)?
7
Let x = 38 - 36. Let l be (3*7/(-14))/((-1)/x). What is the units digit of -1 + l/1 + (-14)/(-7)?
4
Let n be 80/(-24)*(-6)/10. Suppose n*v + 4*v - 13248 = 0. What is the units digit of (-4)/(-6) + v/36?
2
Suppose 0 = 5*m + 4*a - 6 - 3, 3*m = -2*a + 7. What is the tens digit of 200 + -3 + m + -7?
9
Suppose 2076708 = 96*c + 151383 + 64941. What is the hundreds digit of c?
3
What is the tens digit of 120/((-52)/(-9386)*19)?
4
Let r(j) = -19*j + j**3 - 2*j**3 - j**2 - 8 - 10*j**2. Let l be r(-6). What is the hundreds digit of ((-6)/4)/1*l/1?
1
Suppose -125*q - 15 = -128*q. Suppose -4185 = -q*c + 4*o, -1828 = -4*c - 4*o + 1520. What is the tens digit of c?
3
Let p(q) = q**2 - 8*q - 1. Let c be p(8). Let b(d) = 70*d - 8. Let l(t) = -69*t + 7. Let a(h) = 6*b(h) + 7*l(h). What is the units digit of a(c)?
4
Suppose -4*k = -2*z - 60, 7*z = 2*k + 5*z - 32. Let a(m) = -2*m**2 + 43*m + 14. What is the units digit of a(k)?
4
Let t = 3239 - 1133. What is the hundreds digit of t?
1
Suppose 0 = 4*i - 2*f - 78 - 8, -3*i + f + 62 = 0. Suppose -i*r + 1023 = -22. What is the units digit of r?
5
Let n(b) = b**2 - 10*b - 60. Let d be n(14). Let k(z) = -10*z**3 - 10*z**2 - 14*z + 8. What is the hundreds digit of k(d)?
5
Let d(y) = 4*y**2 + 133*y + 37. Let c be d(-33). Suppose 3*g - 3*k - 5124 = 0, c*g = 5*g - 3*k - 1716. What is the tens digit of g?
0
Let w = -11403 + 11804. Suppose 4*o = 617 + 731. Suppose -6*z = -o - w. What is the units digit of z?
3
Let w(f) = -3*f - 12. Let v be w(-5). Suppose 0 = v*k - 5*j - 36, 13 = 5*k - k + 5*j. Suppose -k*t + 187 = -366. What is the tens digit of t?
7
Let m(n) = -4*n + 15. Let j(p) = -2*p + 28. Let q be j(11). Let f be m(q). What is the units digit of 4/(-4) + (-2 - f)?
6
Suppose 0 = -44*c + 41*c + 9144. Suppose -3*z + 1236 = q - 3*q, 0 = -5*q - 3*z - c. What is the tens digit of 1/(4*(-3)/q)?
5
Suppose 4*t = -20, 3182 = 4*p + 3*t - 9051. What is the units digit of p?
2
Suppose 12*f + 0*f = 600. Let v = 66 + f. What is the tens digit of v?
1
Let b(r) be the third derivative of 4*r**5/5 - r**4/4 - 11*r**3/3 - 2*r**2 + 101. What is the units digit of b(-4)?
0
What is the tens digit of (1132 - 3)/((-5)/(-15)*5/15)?
6
Suppose 99*y - 520893 = 283284. What is the thousands digit of y?
8
Suppose 0 = 4*k - 29*k + 153600. Suppose 37*b - 331 = k. What is the hundreds digit of b?
1
What is the hundreds digit of (-1482 + -74)/((-6)/27)?
0
Let r(b) = 22*b + 20. Suppose -2*t + 10 = d, -2*d + 23 = -5*t - 6. What is the tens digit of r(d)?
8
Let h(s) = -s - 53. Let m be h(-27). What is the units digit of m/208*(1 - 3)*24?
6
Let v be -3*70/(-21)*(-4)/(-10). Let o(m) = 211*m + 33. What is the units digit of o(v)?
7
Suppose 3*w - 13 = 2*w + g, 0 = 4*w - g - 37. Let n = w + -3. Suppose n*i = -2*f + 97, -3*i + 47 = 4*f - 0*f. What is the units digit of i?
1
Suppose 1117456 = 18*w - 134534. What is the hundreds digit of w?
5
Suppose 29*u + 45 = 24*u. What is the units digit of ((-1)/(-2))/(((-36)/4696)/u)?
7
Let k be 0/(-5) - -3 - 1. Suppose 3*u - 2*n = k*n - 4, -u + n - 1 = 0. Suppose -67*y + 70*y - 129 = u. What is the tens digit of y?
4
Suppose 2*r + 15 = 3. Let k be -2*(2 - (-69)/r). Let i(w) = 3*w - 36. What is the tens digit of i(k)?
2
Let m(y) = -2*y - 13. Let v = -54 - -44. Let n be m(v). Let p = 99 + n. What is the hundreds digit of p?
1
Suppose -17*m + 840 = 18*m. Let r = m + 287. What is the units digit of r?
1
Let k(u) = u**3 + 13*u**2 + 2*u + 23. Let q be k(-13). Let p be (-18)/(-5) + 24/10 + q. Suppose -o + 11 = h, p*h = -0*h. What is the units digit of o?
1
Let c = -57 + 58. Let n be ((20 - -2)*1)/(c/(-1)). What is the units digit of (0 + -21)*-3*n/(-18)?
7
Suppose o - 3*s = -1 + 4, -3*s - 3 = -4*o. Let w = 5 + -3. What is the tens digit of 120/(o + 2) - w?
5
Let k(v) = 117*v - 60*v - 64*v + 94. What is the tens digit of k(8)?
3
Suppose -2457*h + 2471*h = 99932. What is the units digit of h?
8
Let n(v) = 1130*v**3 - 8*v**2 + 34*v + 1. What is the hundreds digit of n(3)?
5
Let w = -596 + 4887. What is the hundreds digit of w?
2
Let s = 14106 + -9767. Suppose s - 346 = 11*r. What is the units digit of r?
3
Let t(z) be the first derivative of -z**4/4 + 2*z**3/3 + z**2/2 + 3*z + 12. Let p be t(0). Suppose p*c - 365 = -26. What is the tens digit of c?
1
Suppose 18*d + 5328 = 34*d. Suppose 11*v + d = 12*v. What is the hundreds digit of v?
3
Let c(n) = 3053*n - 12246. What is the units digit of c(7)?
5
Suppose 0 = -95*h + 67*h + 686812. What is the ten thousands digit of h?
2
Let x(w) = -511*w**3 - 5*w - 1. What is the thousands digit of x(-2)?
4
Let p = -1724 - -3058. What is the units digit of (-6)/(-14) - p/(-7)?
1
What is the hundreds digit of (-2)/(-26) - (-513936)/78?
5
Let w(g) = 40 + g**2 + 37 - 3*g + 2*g - 76 - 3*g**3. Let p be w(1). What is the tens digit of (6/(-12))/(p/212)?
5
Let m(x) = -x**3 - 16*x**2 + 30*x + 57. What is the tens digit of m(-23)?
7
Suppose -4*t + 102 + 166 = 0. Let i = t + 27. Let f = i - -9. What is the units digit of f?
3
Let f = -67807 + 105